hat are the prime factors of n?
3, 5
Suppose -6*c + 4*c = h + 15, 3*c + 39 = 4*h. Suppose -1 = -q - 2. Let d = q - c. What are the prime factors of d?
2
Let x(w) = 62*w**2. List the prime factors of x(-1).
2, 31
Let f = 18 - 27. Let z = f + 23. What are the prime factors of z?
2, 7
Let x(f) = 3*f**3 + 2*f**2 - 2*f + 1. Let z be x(1). List the prime factors of 45 - (-3 - (0 - z)).
2, 11
Suppose -6*w + 28 = -2336. List the prime factors of w.
2, 197
Let b(f) = -f**3 + 7*f**2 - 4*f - 4. Let d = 5 - 1. What are the prime factors of b(d)?
2, 7
Let t(f) = -1 + 0 - f**2 + 2 + 2*f**2 + 3*f. Let b be t(-3). Suppose 5*l - 16 = -b. What are the prime factors of l?
3
Suppose -y = y - 126. List the prime factors of y.
3, 7
Let w(i) = 7*i**2 + i + 1. Let f be w(-2). Suppose 1 = 2*u - f. What are the prime factors of u?
2, 7
Let d(i) = 3*i**2 + 9*i - 1. What are the prime factors of d(-7)?
83
Suppose -3*v + 14 = 2*g, v = -v. What are the prime factors of g?
7
Suppose -468 + 36 = -3*b. What are the prime factors of b?
2, 3
List the prime factors of 4/(-22) - (-44244)/132.
5, 67
Let c(v) = 5*v + 3. Let b(u) = 10*u + 6. Let t(j) = 3*b(j) - 7*c(j). List the prime factors of t(-5).
2, 11
Let k be 4/2 - (-9 - -8). Let h(o) = o**3 - 2*o**2 + 4*o - 4. List the prime factors of h(k).
17
Let a = 301 - 187. What are the prime factors of a?
2, 3, 19
Suppose 4*h = 2*m - 14, -m + 3 = -2. Let d = h + 7. What are the prime factors of d?
2, 3
Suppose -5*z + 0 = -45. Suppose z - 25 = -4*a. List the prime factors of 6/a*16/12.
2
Let n(q) = -q**2 - q + 17. What are the prime factors of n(0)?
17
Let g be 17/(-2)*(-6)/3. Suppose 2*d + 5*c = g, -21 = -2*d - 4*c - 7. Let f(l) = 4*l**3 - l**2 + l - 1. What are the prime factors of f(d)?
3
Let m(z) = z**3 - 12*z**2 + z - 7. What are the prime factors of m(12)?
5
Suppose -14 - 7 = h - 5*y, 3*y - 15 = 0. Let j = h - 1. Suppose -3*t = -4*t - j*x - 1, -4*x - 16 = 0. List the prime factors of t.
11
Suppose 2*u + 0*u - 1196 = -4*y, 3*y - u = 897. What are the prime factors of y?
13, 23
Suppose -3*a + n = -3*n + 21, n - 6 = a. Let j be (-61)/(-4) - a/(-12). Suppose -j = -2*h + 7. What are the prime factors of h?
11
Let c be 4 - ((-4)/(-2) + -1). Suppose c*u = 4 + 5. What are the prime factors of u?
3
Let r = -3 + 5. Let l(y) = 8*y**2 - 4*y - 1. What are the prime factors of l(r)?
23
Let r = 11 + -6. Suppose 2*l - 4*q + 32 = 0, r*l - 2*l - 5*q + 49 = 0. Let j = l + 29. What are the prime factors of j?
11
Let i be (1 - -1) + 9*6. Let k = i - 38. Let r = 29 - k. List the prime factors of r.
11
Let f(c) = 10*c. Suppose 0 = 5*o - 4*d + 17, -3*d = 1 - 10. Let h be f(o). What are the prime factors of (8/h)/(2/(-10))?
2
Let n(s) = s**2 - 3*s. Let c be n(2). List the prime factors of 9/c*2/(-3).
3
Suppose -c - 3*o - 2*o = -128, 4*c - 490 = 2*o. Suppose 0 = -4*h - c + 3. What are the prime factors of (-36)/h*(-20)/(-3)?
2
Let j(c) be the second derivative of -c**8/6720 - c**4/6 + c. Let s(i) be the third derivative of j(i). What are the prime factors of s(-2)?
2
Suppose 0 = 100*g - 99*g - 196. List the prime factors of g.
2, 7
Let d = -42 - -71. Let u = d + -7. List the prime factors of u.
2, 11
Let p be (-2)/4*(-7 - 1). Suppose -m - m - 66 = p*f, -f - 4 = 0. Let x = -15 - m. List the prime factors of x.
2, 5
Let w(s) = 3*s**3 - 2*s**2 + s - 2. Let n be w(2). Let h = 35 - n. List the prime factors of h.
19
Suppose 0 = -5*o - d + 847, -4*o + 5*d = -0*d - 666. What are the prime factors of o?
13
Suppose -4*n + 5*f = -19, -5*n + 2*f + 8 = -3. Suppose c - 2 = n, 3*m = 4*c + 27. What are the prime factors of m?
13
Let x = -14 - -36. List the prime factors of x.
2, 11
Let q be (-20)/(-6) + (-6)/18. Let y(n) = -2*n. Let j be y(q). What are the prime factors of j/5*45/(-6)?
3
Let w be -5*(-4)/40*-6. Let s = 17 + w. What are the prime factors of s?
2, 7
Let t = 85 + -47. List the prime factors of t.
2, 19
Suppose -4*y = 5*p + 13, -5*p = -2*y - 0*p + 31. Let j(c) = c**3 + 3*c**2 + 3*c. Let n be j(-3). Let b = y - n. List the prime factors of b.
2, 3
Suppose -4*f - 12 = 0, 0*f = -2*y + 5*f + 27. Let r = y + -12. List the prime factors of (-54)/r - 1/(-1).
2, 5
Suppose 4 = -r - 3*r. Let y = 2 - r. List the prime factors of y.
3
List the prime factors of -2 + -1 - (1 - -3)*-4.
13
Suppose r + m = 5*m - 7, -3*r - 5*m = -13. Let w(x) = 10*x. Let y be w(r). Suppose -2*v = -0*v - y. What are the prime factors of v?
5
Suppose h = -3*w + 49, -4*w = -8*h + 3*h + 340. List the prime factors of h.
2
Let f(r) = r + 8. Let z(j) = j + 7. Let h(i) = 2*f(i) - 3*z(i). Suppose -3*q + 28 = -7*q. What are the prime factors of h(q)?
2
Let m be 2 + (3 + -16)/(-1). Let c be ((-10)/m)/((-4)/246). Let k = c + -28. List the prime factors of k.
13
Suppose 2*r + r + 69 = 0. Let m = -13 - r. List the prime factors of m.
2, 5
Let v(h) = 27*h + 9. Let z be v(4). What are the prime factors of (z/(-15))/(3/(-15))?
3, 13
Let g(i) = -i**3 - 11*i**2 + 13*i + 14. Let c be g(-12). Let t(u) = -3*u - 5. Let v(j) = -j - 2. Let h(m) = -2*t(m) + 5*v(m). List the prime factors of h(c).
2
Suppose 0 = -2*b - 5*y + 368, y + 4 = 3*y. What are the prime factors of b?
179
Suppose -n - 3*n + 64 = 0. What are the prime factors of n?
2
Let f = 160 + -76. What are the prime factors of f?
2, 3, 7
Let t(n) = -n**3 + 2*n**2 + 2*n + 2. What are the prime factors of t(-2)?
2, 7
List the prime factors of ((-12)/(-10))/(12/30) + 72.
3, 5
What are the prime factors of 0/2 + (-108)/(-3)?
2, 3
Let v be 9 + 0 + 3*-1. Suppose a = v*a - 80. Suppose a = -3*q + 70. List the prime factors of q.
2, 3
Let l = 538 + -317. List the prime factors of l.
13, 17
Suppose z + 11 = 5*h + 52, -188 = -4*z - 4*h. List the prime factors of z.
2, 23
Let w = -1 - -1. Let d be (-5)/(1 + 0 + w). Let l = 7 - d. What are the prime factors of l?
2, 3
Let z(r) = -r**2 - 10. Let q be 0*(-2 + 2 + -1). Let m be z(q). Let p(o) = o**2 + 11*o + 14. What are the prime factors of p(m)?
2
Let u = -12 + 21. Suppose 0 = 2*l + z - 12, u - 39 = -5*l - z. List the prime factors of l.
2, 3
Let x(y) = -5*y - 2. Let w(h) = -6*h - 3. Let f(k) = 3*w(k) - 4*x(k). List the prime factors of f(4).
7
Suppose 4*h - 4*v + 236 = 0, -h + v - 6*v = 47. What are the prime factors of h/(-2)*(-32)/(-24)?
2, 19
Suppose p + 18 = -2*p. Let x = 16 + p. List the prime factors of x.
2, 5
Suppose -4*k + 0*k = -4*t - 56, k - 3*t - 20 = 0. What are the prime factors of k?
11
Suppose -3*r = -x + 1, 3*r - 3 = -3*x + 6*r. Let h be (1 + 0)/(x/5). Suppose 0 = -5*w - 5*k + 50, -h*w + 30 = k - 0*k. List the prime factors of w.
5
Suppose 0 = -2*x + 5*x + u + 15, -4*x = 4*u + 12. Let d(b) = 8*b + 6. Let s be d(x). What are the prime factors of s/(-10) + 2/(-10)?
2
Let m = -47 + 49. List the prime factors of m.
2
Let a be (1/(-2))/((-5)/(-180)). Let o = a - -30. List the prime factors of o.
2, 3
Suppose -3*i = -2*i - 8. Suppose a - i = -a. List the prime factors of (-2)/a*2 - -10.
3
Let b(f) = 29*f**3 + f**2 + f - 1. List the prime factors of b(1).
2, 3, 5
Let o be (-4)/((-4)/2) - -2. Let s(g) = 0*g - 2 + 6*g**2 - o*g**2 + 3*g. List the prime factors of s(-3).
7
Let v(s) = s**3 + 3*s**2. Let y be v(-2). List the prime factors of ((-8)/y)/((-2)/4).
2
Let i be (75/6)/((-2)/(-4)). Let n = 35 + -20. Suppose -n - i = -5*g. List the prime factors of g.
2
Suppose -2*i + 110 = 2*d, -i - 64 = -d - 17. What are the prime factors of d?
3, 17
Suppose 3*j = -0*j + 87. Let f = -21 + j. What are the prime factors of f?
2
Let j = -23 - 0. Let b = j - -32. List the prime factors of b.
3
Let x be 1/((-2)/10 + 0). Let s = 0 + 1. What are the prime factors of 9/s*x/(-5)?
3
Suppose 0*j = 3*j - 15. Suppose 1 = j*m - 14. List the prime factors of m.
3
Let u = -135 - -239. What are the prime factors of u?
2, 13
Let b = -35 + 398. What are the prime factors of b?
3, 11
Let j be (-1)/(-7) - (-41)/7. Let n(q) = q**2 - 5*q + 6. What are the prime factors of n(j)?
2, 3
Suppose y - 245 = 5*h, -5*y + 839 = 5*h - 266. Suppose -2*p + y = 3*p. List the prime factors of p.
3, 5
Suppose 0 = n - 2 - 12. What are the prime factors of 1*(n + (-3 - -3))?
2, 7
Suppose 65 = -c + 6*c. What are the prime factors of c?
13
Let l(c) = -3*c**3 - 5*c**2 - 5*c - 48. Let g(m) = -4*m**3 - 6*m**2 - 6*m - 48. Let y(q) = 4*g(q) - 5*l(q). What are the p